f 1851708?
True
Does 32 divide 86341?
False
Is 148659 a multiple of 21?
True
Is 229570 a multiple of 110?
True
Does 188 divide 38383?
False
Is 16 a factor of 34353?
False
Does 16 divide 66093?
False
Does 63 divide 404089?
False
Does 401 divide 999408?
False
Is 14 a factor of 3671633?
False
Is 8 a factor of 589899?
False
Is 14773342 a multiple of 242?
False
Does 18 divide 80316?
True
Is 135930 a multiple of 63?
False
Does 36 divide 978258?
False
Does 10 divide 623110?
True
Does 18 divide 763362?
True
Is 10 a factor of 160510?
True
Does 662 divide 2248814?
True
Is 102264 a multiple of 6?
True
Is 1790228 a multiple of 323?
False
Is 8 a factor of 82720?
True
Does 101 divide 5766090?
True
Does 20 divide 65280?
True
Does 81 divide 838506?
False
Does 111 divide 138306?
True
Does 45 divide 694482?
False
Is 907 a factor of 2326984?
False
Is 280 a factor of 2798040?
True
Is 3 a factor of 488176?
False
Does 103 divide 2951100?
False
Is 154 a factor of 541685?
False
Does 17 divide 45985?
True
Is 3104274 a multiple of 246?
True
Is 399727 a multiple of 3?
False
Does 405 divide 36450?
True
Is 16 a factor of 81596?
False
Does 176 divide 9509355?
False
Does 8 divide 77208?
True
Does 497 divide 207876?
False
Does 199 divide 1465038?
True
Does 93 divide 588783?
True
Is 12877914 a multiple of 609?
True
Is 133 a factor of 782589?
False
Does 116 divide 1452204?
True
Does 39 divide 912717?
True
Is 4914088 a multiple of 46?
True
Is 176 a factor of 99038?
False
Is 63 a factor of 18924346?
False
Is 8852 a multiple of 31?
False
Does 238 divide 2192141?
False
Is 29 a factor of 658387?
True
Is 46 a factor of 474163?
False
Is 11659 a multiple of 6?
False
Is 3623400 a multiple of 75?
True
Is 7236354 a multiple of 563?
False
Is 9834177 a multiple of 985?
False
Is 9291458 a multiple of 993?
False
Does 3 divide 9996?
True
Is 10 a factor of 750?
True
Is 1447 a factor of 5093440?
True
Is 33 a factor of 665280?
True
Is 1053360 a multiple of 66?
True
Is 109710 a multiple of 6?
True
Is 9338520 a multiple of 5?
True
Is 7 a factor of 350309?
False
Is 963300 a multiple of 494?
True
Is 4619318 a multiple of 514?
True
Does 13 divide 282113?
True
Is 13679727 a multiple of 73?
False
Is 2596812 a multiple of 6?
True
Is 1058490 a multiple of 6?
True
Is 425882 a multiple of 31?
False
Is 97 a factor of 1483615?
True
Is 12925147 a multiple of 151?
True
Does 7 divide 490708?
False
Does 153 divide 102567?
False
Is 666687 a multiple of 159?
True
Is 313 a factor of 9799048?
False
Does 10 divide 9303?
False
Does 139 divide 3739934?
True
Is 376258 a multiple of 24?
False
Is 205 a factor of 1152715?
True
Is 305 a factor of 12117502?
False
Is 246 a factor of 105042?
True
Is 2591144 a multiple of 152?
True
Is 2060950 a multiple of 25?
True
Is 21 a factor of 2020242?
True
Is 77 a factor of 878108?
True
Is 140319 a multiple of 156?
False
Is 82 a factor of 496372?
False
Does 30 divide 10791?
False
Is 3 a factor of 4539?
True
Is 24 a factor of 53038?
False
Does 118 divide 38188?
False
Does 121 divide 499026?
False
Is 436 a factor of 2175658?
False
Is 112 a factor of 715232?
True
Does 280 divide 293160?
True
Is 136068 a multiple of 68?
True
Is 7 a factor of 341807?
False
Is 162270 a multiple of 340?
False
Is 2743362 a multiple of 18?
True
Is 108 a factor of 154764?
True
Is 441 a factor of 164052?
True
Is 12 a factor of 1303797?
False
Is 36 a factor of 66132?
True
Does 169 divide 84331?
True
Is 93 a factor of 178664?
False
Does 178 divide 6961758?
True
Does 65 divide 477230?
True
Does 925 divide 1813000?
True
Is 114 a factor of 63378?
False
Is 76 a factor of 3040?
True
Is 537666 a multiple of 493?
False
Is 34 a factor of 1473288?
True
Is 7 a factor of 84865?
False
Is 5698272 a multiple of 631?
False
Does 81 divide 344817?
True
Is 132 a factor of 232627?
False
Is 769 a factor of 109017?
False
Does 11 divide 253548?
False
Is 2 a factor of 1117370?
True
Is 97 a factor of 7028?
False
Does 160 divide 109486?
False
Is 28761 a multiple of 75?
False
Is 217 a factor of 3189249?
True
Is 65 a factor of 23075?
True
Is 21 a factor of 710514?
True
Is 93840 a multiple of 34?
True
Is 34 a factor of 146376?
False
Is 9 a factor of 1209421?
False
Is 47322 a multiple of 66?
True
Is 89412 a multiple of 17?
False
Does 16 divide 94720?
True
Is 469565 a multiple of 57?
False
Does 63 divide 46053?
True
Is 315 a factor of 144585?
True
Is 32 a factor of 2382016?
True
Is 78 a factor of 15340182?
True
Is 3967585 a multiple of 37?
False
Is 24 a factor of 269736?
True
Does 27 divide 456114?
False
Does 85 divide 24820?
True
Is 83889 a multiple of 110?
False
Is 87077 a multiple of 19?
True
Does 899 divide 1028683?
False
Is 167895 a multiple of 41?
True
Is 29 a factor of 2258486?
False
Does 28 divide 4935527?
False
Is 44 a factor of 1791509?
False
Does 267 divide 184497?
True
Is 155 a factor of 60801?
False
Does 105 divide 57367?
False
Does 93 divide 161820?
True
Is 31 a factor of 1478735?
False
Does 32 divide 230978?
False
Is 552 a factor of 17940463?
False
Is 410286 a multiple of 17?
False
Is 2544452 a multiple of 14?
False
Does 22 divide 8151330?
True
Is 33 a factor of 1542585?
True
Is 49266 a multiple of 46?
True
Is 20590 a multiple of 10?
True
Is 41 a factor of 219186?
True
Does 4 divide 2027724?
True
Is 27429607 a multiple of 13?
False
Is 5 a factor of 603025?
True
Is 34 a factor of 14573?
False
Does 40 divide 851985?
False
Is 5598632 a multiple of 13?
True
Is 118779 a multiple of 178?
False
Is 48815 a multiple of 5?
True
Is 3159904 a multiple of 191?
True
Is 53 a factor of 305150?
False
Is 8 a factor of 12441463?
False
Does 18 divide 11558585?
False
Is 10 a factor of 13910?
True
Is 453 a factor of 520044?
True
Is 2816880 a multiple of 880?
True
Is 21964 a multiple of 6?
False
Is 18 a factor of 75924?
True
Is 6 a factor of 43203?
False
Is 182 a factor of 127370?
False
Does 571 divide 6664717?
False
Does 16 divide 723728?
True
Is 339 a factor of 988521?
False
Is 22 a factor of 13194846?
False
Is 1036874 a multiple of 27?
False
Is 224 a factor of 260544?
False
Does 9 divide 627745?
False
Does 11 divide 2406094?
False
Is 146775 a multiple of 186?
False
Is 246755 a multiple of 23?
False
Is 222 a factor of 1796649?
False
Is 5839173 a multiple of 744?
False
Is 3 a factor of 18765?
True
Is 277 a factor of 538765?
True
Is 417420 a multiple of 20?
True
Is 148660 a multiple of 20?
True
Does 242 divide 1328455?
False
Does 110 divide 4591249?
False
Does 3 divide 1153620?
True
Does 9 divide 137323?
False
Is 867333 a multiple of 21?
False
Is 50160 a multiple of 38?
True
Is 1203598 a multiple of 22?
True
Is 109140 a multiple of 107?
True
Is 12 a factor of 55044?
True
Is 178 a factor of 2103960?
True
Does 311 divide 320122?
False
Is 14 a factor of 2238?
False
Is 1922063 a multiple of 13?
True
Is 21 a factor of 3830337?
True
Is 122 a factor of 232898?
True
Is 23654788 a multiple of 211?
True
Is 11 a factor of 259391?
True
Is 8766670 a multiple of 110?
True
Does 622 divide 3037226?
True
Does 368 divide 64777?
False
Does 14 divide 24919?
False
Is 198 a factor of 877829?
False
Does 430 divide 183663?
False
Does 319 divide 10106968?
False
Does 27 divide 53892?
True
Is 14 a factor of 7669619?
False
Does 280 divide 65240?
True
Is 54 a factor of 1288769?
False
Is 2247672 a multiple of 136?
True
Is 12 a factor of 142303?
False
Does 77 divide 430738?
True
Is 1123883 even?
False
Is 168112 a multiple of 133?
True
Is 72 a factor of 206712?
True
Is 19313353 a multiple of 47?
False
Does 30 divide 1218217?
False
Is 25 a factor of 743025?
True
Does 20 divide 12948?
False
Does 1204 divide 9382772?
True
Is 14 a factor of 456672?
False
Is 541186 even?
True
Does 16 divide 11062487?
False
Is 1092 a factor of 137592?
True
Is 359 a factor of 874883?
True
Is 13376547 a multiple of 100?
False
Does 41 divide 1509974?
False
Does 77 divide 481866?
True
Is 1512 a multiple of 8?
True
Does 18 divide 2979538?
False
Does 5 divide 6760?
True
Is 2679075 a multiple of 45?
True
Is 494424 a multiple of 36?
True
Is 18 a factor of 6606?
True
Does 82 divide 223614?
True
Is 76 a factor of 329840?
True
Does 9 divide 14749?
False
Does 30 divide 1024268?
False
Does 651 divide 914655?
True
Does 24 divide 62712?
True
Is 232 a factor of 3393696?
True
Is 28600 a multiple of 325?
True
Is 274 a fa